3*n + 2*n - 25. Calculate u(n).
-5
Let x(c) = 1 + 45*c + 37*c - 90*c. Calculate x(1).
-7
Let d(o) = 2*o - 3 - 2 + 5. Let a(y) = y**2 + 3*y + 2. Let i be a(-5). Let u be 20/i + (-2)/3. What is d(u)?
2
Suppose -18 = -3*a + 5*g, 0 = -g - g. Let r(i) = -4*i + 7. Calculate r(a).
-17
Let o = -1/995 + 6989/23880. Let s(m) be the third derivative of m**2 + 0 + 0*m - m**3 - 1/60*m**5 + o*m**4. Calculate s(5).
4
Let z be (-10)/(1 + 1 + -4). Suppose 4*j = -n - j + 28, 0 = -z*n + 2*j + 5. Let p(u) = u**2 - 3*u - 1. What is p(n)?
-1
Let q(m) be the second derivative of -m**3/6 - 6*m. Let x(k) = k**2 - 4*k - 1. Let g(b) = 5*q(b) - x(b). What is g(3)?
-11
Let j(f) = -2*f. Let n = -12 + 5. Let m = n - -4. Determine j(m).
6
Let l(m) = -9 + m**3 + 2*m + 3*m**2 + 6 + 1. What is l(-2)?
-2
Let j(v) = -v + 15. Let s be j(14). Let l(i) = 19*i**3 + i**2 - 1. Give l(s).
19
Let h(o) = 11*o**2 - 1 - 10*o - 10*o**2 + 2*o. Calculate h(4).
-17
Let z(q) = 2 + 2 + q - 3*q - 1. Suppose -4*u = s - 24, 4*s + 18 + 12 = 5*u. Calculate z(u).
-9
Let i(t) be the third derivative of -t**5/30 + 7*t**4/24 + 7*t**3/6 - 17*t**2. Determine i(6).
-23
Let b(f) = 5*f + 1. Let u(s) = -s**2 + 6*s + 5. Let j be u(7). Let k(a) = a**3 + a**2 - 2*a - 1. Let z be k(j). Give b(z).
-4
Let m(d) = -199*d**2 + 205*d**2 + 5*d + 3 + d**3 - 2. Give m(-5).
1
Let w be (3/9)/(2 + (-86)/42). Let h(m) = -m**3 - 8*m**2 - 5*m + 9. What is h(w)?
-5
Let r(i) be the third derivative of -i**7/2520 + i**6/120 + i**5/15 - 9*i**2. Let z(b) be the third derivative of r(b). Determine z(6).
-6
Let a(m) be the first derivative of -m**4/4 + m**2 + 3*m - 81. Suppose 4*u + 3 + 5 = 0. Calculate a(u).
7
Let k(y) = -2*y**2 - 9*y + 9. Let m(l) = -2*l**2 - 10*l + 11. Let o(z) = 6*k(z) - 5*m(z). Give o(-3).
-7
Suppose 0 = -2*v + 2*w - 4, -3*w = 4 - 10. Let x = 0 - v. Let t be (2 + x)*(-2)/(-4). Let g(y) = -8*y**2 + 2*y - 1. Determine g(t).
-7
Let d(n) = -5*n - 15. Let x(y) = -4*y - 14. Let z be 42/8 + 2/(-8). Let w(i) = z*d(i) - 6*x(i). Determine w(4).
5
Suppose 3*q = 3*x + x + 6, -x = 5*q - 33. Let c(n) = n**3 - 6*n**2 - n + 2. Determine c(q).
-4
Let z(u) be the second derivative of u**5/20 + u**4/6 - u**3/6 + u**2 + 6*u. Give z(-2).
4
Let a(j) be the second derivative of j**5/20 + j**4/2 - 4*j**3/3 - 5*j**2 - 2*j. What is a(-7)?
-3
Suppose 0 = 2*m - 2*h - 14, 4*m - 3*m - 5*h = 11. Let d(l) = -m*l + 2*l - 4*l - 1. Suppose 8*a - 5*a = -3. Calculate d(a).
7
Suppose a + 3*a + 100 = 0. Let f = a + 18. Let g = -7 - f. Let h(i) = i**2 - 1. What is h(g)?
-1
Let n = 8 + -4. Let k = n + -10. Let f = 4 + k. Let d(l) = -l**3 - l**2 - 2*l + 1. Determine d(f).
9
Let p(s) = -7*s - 48. Let b be p(-7). Let l(g) = -16*g**2 - 2*g + 1. Give l(b).
-17
Let i(y) = 2*y**3 - 4*y**2 + y + 10. Let d(p) = p**3 - 5*p**2 + p + 12. Let a(j) = 5*d(j) - 6*i(j). Suppose 4*q + 3 = -1. What is a(q)?
7
Let r(j) = -j + 1. Let t = 4 + -12. Let l be (8/(-10))/(t/60). Calculate r(l).
-5
Let m = -1 - -5. Let o = 1 - -2. Let b(v) = 5*v + o*v**2 + 5 + 2*v**2 - v**3 - 2*v**2 - 3. Give b(m).
6
Let k(p) = 5*p**3 - p**2 - 2*p - 1. Let x(i) be the second derivative of 7*i**4/4 - i**3/6 + i. Let a be x(-1). Let w be 27/(-33) + (-4)/a. Give k(w).
-5
Let a(i) = i + 2 - 5*i**3 + 3*i**3 - 4. Suppose n + 2 + 0 = 0. Determine a(n).
12
Suppose i - 10 = -4*i. Let u(d) = d**i - d**3 - 4*d**3 + 6*d**3 + 0 - 1. Determine u(-2).
-5
Let r(j) be the second derivative of j**4/12 - 11*j**2/2 - 41*j. Give r(0).
-11
Let m(s) = -s**3 + 3*s**2 - 2. Let x be m(3). Let w(t) = 3 - 6*t + 0 - 4. What is w(x)?
11
Let q(n) = 5*n - 1. Let l be q(2). Suppose 2 = -2*y + 8. Suppose 0 = -y*b - 0 + l. Let s(u) = -u - 2. Calculate s(b).
-5
Let p(r) = r**2 - r - 2. Let y(x) = -3*x**2 + 2*x + 5. Let z(w) = 7*p(w) + 3*y(w). Determine z(-2).
-5
Let o(r) = -r**2 + 6*r. Let y be o(6). Let b be (-9)/(-2) - (-2)/4. Let d(h) = 0 + 1 + b + h**3 - 3 - h - h**2. Calculate d(y).
3
Suppose 0 = 5*c + 9 + 6. Let a(l) = -l**3 - 3*l**2 + l. Calculate a(c).
-3
Let w be (-18)/(-4) + 1/(-2). Let p be (1 + -11)/(1*-2). Let h(u) = 7*u**2 + 2 - 8*u**2 + 0*u + p*u. Calculate h(w).
6
Suppose -7 = -4*k - 23. Let w(c) = -2*c - 5. Calculate w(k).
3
Let w(y) = 2*y**2 + y + 1. Let i be w(-1). Let d be 1/i*8 - 3. Let p(r) = -6*r. Give p(d).
-6
Let b(f) be the third derivative of f**7/120 + f**6/360 - f**5/60 + f**4/24 + 7*f**3/6 + 7*f**2. Let d(x) be the first derivative of b(x). Calculate d(1).
7
Let v = 16 + -22. Let a(k) = k**2 + 8*k + 6. Determine a(v).
-6
Suppose 0 = 2*o - 4*o + 4. Let u(w) = w**3 - o + 2 + 4 - 3 + 3*w + 5*w**2. What is u(-4)?
5
Let l(h) = -2*h + 1. Suppose z = -3*o - 4, -1 + 11 = 5*z + 5*o. Let u be z/2*-2*1. Let i = u - -4. Calculate l(i).
3
Let x(l) = l**2 - 7*l + 9. Let t be x(6). Suppose 4*f - 24 = -4*v, -2*v + 13 = t*f - 0*v. Let c(n) = -11*n**3 + n - 1. Determine c(f).
-11
Let g(p) = -4*p + 4*p - p. Let w(z) = -z**2 + 6*z + 5. Let y be w(6). Suppose -r = -y*r. Determine g(r).
0
Let h(u) = -u**2 + 5. Suppose -3*o + 0 + 6 = 0. Let w be 1/1 - (3 - o). Suppose 5*p + 2*f + 0 - 2 = 0, w = -f + 1. Calculate h(p).
5
Let h(r) be the first derivative of r**4/24 + 2*r**3/3 - 3*r**2/2 + 4. Let s(x) be the second derivative of h(x). Let q = -4 - -7. What is s(q)?
7
Let r be (-67)/7 + (-33)/77. Let c(w) = -w**3 - 10*w**2 + w + 6. Give c(r).
-4
Let w(g) = -g**2 + 0*g**2 - 13 - 2*g + 22 - g**3 - 11. Give w(-2).
6
Let h(z) = -6*z**3 - 1. Let q(i) = -1. Let f(m) be the third derivative of -m**4/24 - m**2. Let w(k) = -f(k) - 5*q(k). Let g be w(-4). Give h(g).
-7
Suppose 9 = -4*l - 5*d, 5*d = -l - 7 + 1. Let q(i) = -2*i - 2. Calculate q(l).
0
Suppose -2*y = 4*q + 12, -q = -y - 0*q + 9. Let a(w) = 2*w**2 + w**2 - 5*w**2 - w - 3*w**3 + y*w**3. What is a(-1)?
-2
Suppose 28 - 8 = 4*x. Let h = 3 - 1. Let q(t) = -t**3 + 0*t**2 - 7*t + 6 + 3*t**2 + t**h + 2*t**2. Determine q(x).
-4
Let x be 4/(-8)*(-1)/30. Let n(a) be the third derivative of 2*a**2 + 0 + 1/12*a**4 + 0*a + 1/6*a**3 - x*a**5. Determine n(3).
-2
Let u be ((-25)/(-50))/((-2)/(-4)). Let n(i) be the first derivative of 2*i**3/3 + i**2 - i - 2. Give n(u).
3
Let g(r) = -2*r**3 + 4*r**2 - 3*r + 2. Let u(p) = -36*p + 40*p - 4*p**2 - 1 + 3*p**2. Let i be u(3). Calculate g(i).
-4
Let f(t) = -19*t + 1. Let q be f(-1). Suppose 4*y - q = 8*y. Let w(n) = n**2 + 7*n + 1. Calculate w(y).
-9
Let z be 4/(-12) + 4/(-6). Let l(n) be the second derivative of -2*n + 0*n**2 - 2/3*n**3 + 0. Calculate l(z).
4
Let n(h) be the third derivative of h**5/60 - 5*h**3/6 + 9*h**2. Calculate n(0).
-5
Suppose 3*h - 3 + 9 = 0. Let s be h/(-3)*(-6 - 0). Let u(w) = -w**2 - w. What is u(s)?
-12
Let q(v) = v**3 - 6*v**2 - 7*v + 5. Suppose -5*n + 45 = 5*i - 10, 2*n + i = 18. Give q(n).
5
Let i(u) = -8*u**2. Let b be i(-2). Let g be 3/(-15) + b/(-10). Let d(c) = -g + 4*c**2 + 3*c + 4*c - c - c**3. Determine d(5).
2
Let z be 4 - 0 - (-2)/1. Suppose 3*b + z = -0*b. Let d(j) = -3 + j**3 + 1 + 3*j**2 + 0. Give d(b).
2
Suppose -2*r + 24 = -4*x, 3*r - 2*x - 2*x = 28. Suppose -s - 4*u - 15 = u, 5*u = -r*s - 15. Let i(z) = -z + 4. Calculate i(s).
4
Let t(m) = m**2 - 8*m + 4. Let s(g) = -g**3 - 10*g**2 + 5. Let u be s(-10). Let p = 1 + u. Determine t(p).
-8
Suppose 5*s = 15, 2*n - 4*s - 2 = -24. Let h(j) = -j**2 - 3*j + 4. What is h(n)?
-6
Let v(j) be the first derivative of j**4/4 + j**3/3 + 2*j + 1. Suppose 1 = 2*k - 3*q, 0 = 3*q - 8*q - 5. Let p be (16/40)/(k/5). Calculate v(p).
-2
Let n(x) = -3 - 11*x - 1 + 8*x. Calculate n(-3).
5
Let l = -5 - -7. Let w = 4 - l. Let o(q) = 3*q - 1. What is o(w)?
5
Let c(j) be the first derivative of j**5/60 + j**4/8 - 5*j**2/2 + 5. Let v(a) be the second derivative of c(a). What is v(-5)?
10
Suppose 2*l + 3 = g, 3*l - 2 = 4*g + 1. Let v(j) = j - 1. Calculate v(l).
-4
Let i(s) = -s**2 + 4*s + 7. Let f(c) = -c**3 - 2*c**2 - 2*c + 2. Let x be f(-2). Calculate i(x).
-5
Let u be 8/6*21/(-14). Let l be ((-4)/3)/(u/6). Let j(h) = h - 1. Give j(l).
3
Let r(p) = -8*p**2 - 2*p - 3. Let i(m) = -7*m**2 - 2*m - 2. Let z(x) = 6*i(x) - 5*r(x). What is z(2)?
-9
Let f(m) = 2*m**2 + 0 + 1 + 2*m + 2*m**3 + 5*m**3. Suppose 4 - 8 = 4*y. Give f(y).
-6
Let p be (-1 - (-2 + 2))*0. Suppose p = 2*q - 0*q - 10. Let i(f) = f**2 - 4*f. Give i(q).
5
Let n(g) = -g**3 + 6*g**2 - 5*g - 3. Suppose -7*u + 12*u - 20 = 0.